t f(u) = -u**2 - 3*u + 16. Let c be f(-5). Suppose c*k + 67 = 199. List the prime factors of k.
2, 11
What are the prime factors of 14*(-4 + 4 + (-291)/(-6))?
7, 97
Let b = 16495 - 10687. What are the prime factors of b?
2, 3, 11
Let c = -14 - -14. Suppose c*r = 3*r - 42. What are the prime factors of (31/(-2))/(r/(-28))?
31
Suppose -16 = -4*l - 4*l. Suppose -4*i = 3*b - 388, -6*b - 3*i = -l*b - 529. List the prime factors of b.
2, 17
Suppose 27*v - 33348 - 20706 = 0. What are the prime factors of v?
2, 7, 11, 13
Suppose 268 = -5*b - 1992. Let c = -322 - b. What are the prime factors of c?
2, 5, 13
Let p be 86/(1 + -1 - 1). Let u = 225 + -90. Let c = u + p. What are the prime factors of c?
7
Suppose 5 = -5*q, 2*o + 0*q + 13 = q. Let m = o + 7. Suppose r - a - 37 = -0*r, -5*r - a + 197 = m. What are the prime factors of r?
3, 13
List the prime factors of -5 + (287 - 6 - 5).
271
Suppose -5*n + 5*w = -16 - 14, 4*w - 1 = -n. Suppose -n*o + 297 = -313. List the prime factors of o.
2, 61
Let z(o) = o**2 - 2*o + 2. Let n be z(0). Suppose -n*m = -5*m + 180. List the prime factors of m.
2, 3, 5
What are the prime factors of 2893/5 - (-3 - 65/(-25))?
3, 193
Suppose -16*i - 4 = -17*i. Suppose 229 = i*j + 81. What are the prime factors of j?
37
Let n = 40 + -38. Suppose n*y + 6 = w, -3*w + 0*y + 6 = -2*y. Suppose c - 8*c + 420 = w. List the prime factors of c.
2, 3, 5
Let i(t) = -t**2 + 4*t. Let w be i(4). Suppose 0 = d - w*d - 11. List the prime factors of d.
11
List the prime factors of (166/(-8))/((-50)/1200).
2, 3, 83
Suppose -3*h = l + 1, -4*l - 3*h - 2 = -7. Suppose 0 = -4*f + l*q + 394, 4*q - 85 = -4*f + 3*f. What are the prime factors of f?
97
List the prime factors of 13302/4*(-12)/216*-24.
2, 3, 739
Suppose -5 = -3*q + 13. What are the prime factors of (-21)/q*1056/(-56)?
2, 3, 11
Suppose 0*g + g = 4*r + 20, 5*g = -3*r + 54. Suppose 0 = -4*y + g - 0. List the prime factors of y.
3
Let m = 6 - 3. Suppose w + 52 = 4*b, -4*w - m = 2*b - 11. Let g(v) = v**2 - 8*v + 18. List the prime factors of g(b).
2, 3, 11
Suppose 3*i - 3331 = -2*x, 5*x - 2816 = -3*i + 5498. List the prime factors of x.
11, 151
Let k = -1825 + 3295. What are the prime factors of k?
2, 3, 5, 7
Let t(l) = -l. Suppose -3*b + 0 = 15. Let d(o) = 11*o + 5. Let f(z) = b*t(z) - d(z). List the prime factors of f(-4).
19
Let d(q) = 62*q**2 + q - 6. What are the prime factors of d(2)?
2, 61
Let d = -33 + 40. Suppose d*m = -404 - 338. What are the prime factors of ((-4)/(-4))/((-2)/m)?
53
Let o(v) be the third derivative of -v**4/24 + 43*v**3/6 + 30*v**2. What are the prime factors of o(-5)?
2, 3
Suppose -3*h = 3*b - 126, -2*h + 3*h - 40 = b. Let q = h - 39. Suppose -q*c = -11 - 3. What are the prime factors of c?
7
Suppose -2*q = -6*q - 2*q. Suppose 52 = t - 0*t - d, 0 = -5*t - 5*d + 310. Suppose q = -5*l + t - 17. List the prime factors of l.
2
Let k(v) be the first derivative of -2*v**3/3 - 13*v**2 - 17*v + 8. List the prime factors of k(-10).
43
Let z(x) = 2*x + 26. Let f be z(-13). Let o be 9*(-1 + 5/3). List the prime factors of o + (-12)/(-4) + f.
3
Let b be -10 + (-4)/(3 - -1). Let m be (18/(-2))/(b/22). List the prime factors of 35/3 + 6/m.
2, 3
Let m(q) = q**2 - 2*q + 3. Let c(w) = w**3 + 6*w**2 - 7*w + 3. Let a be c(-7). List the prime factors of m(a).
2, 3
Let s be (-4)/6 + 8/3. Suppose 5*l - 4*z - 42 = 0, -l = -s*l + 3*z + 15. Suppose w - 9 = l. What are the prime factors of w?
3, 5
Suppose 12*g = 18*g. Suppose g = 4*j - 11 + 3, -31 = -5*a - 3*j. List the prime factors of a.
5
Let s(v) = 2*v + 32. Let q(t) = -15*t**3 + 2*t**2 - 1. Let x be q(1). List the prime factors of s(x).
2
Let h(d) = d**2 - d + 17. Let w(o) = 3*o**2 - 2*o + 52. Let c(g) = -11*h(g) + 4*w(g). List the prime factors of c(9).
3, 43
Let n(l) be the first derivative of 3*l**2 - 21*l - 10. What are the prime factors of n(11)?
3, 5
Let g be 66/(-10)*50/5. Let p be (-8063)/g - 1/6. Suppose 3*a = p - 26. What are the prime factors of a?
2
Suppose -4*y - j + 2143 = 0, 5*j + 24 = -1. Suppose 93 = -4*q + y. List the prime factors of q.
3, 37
Let z be 2/(-6) + 4/3. Let h be (15/(-6) + z)*-4. What are the prime factors of (3/h)/(2/132)?
3, 11
Suppose -5*w - 4*l = -w - 32, w - 4*l - 8 = 0. List the prime factors of 192 + 1/(((-36)/w)/9).
2, 5, 19
Suppose 0 = -5*y + 388 - 93. Suppose 2*x + 4*d + d = 83, -y = -2*x + 3*d. Suppose 4*b - 44 = -0*b - p, x = 3*b + p. What are the prime factors of b?
2, 5
Suppose 2*c - 4 = -2*c. What are the prime factors of (-793)/(-13) + (c - 0)?
2, 31
Let f(w) = w**3 - 9*w**2 + 8*w - 12. Let j be f(8). Let h(v) = -v**3 - 11*v**2 + 6*v + 1. List the prime factors of h(j).
73
List the prime factors of (-10544)/6*(-21)/28.
2, 659
Suppose -20 = 4*i - 72. Let o(c) = -c - 4. Let l be o(-4). Suppose -5 = -g + h + 8, l = g + 2*h - i. List the prime factors of g.
13
Let z be (7 - 8)*(-255 + 0). Suppose -2*k = -3*d - 175, 3*k - 2*d - 20 = z. List the prime factors of k.
5, 19
Let d = 813 + 91. What are the prime factors of d?
2, 113
Suppose -5*j + 7 = -3. What are the prime factors of 30/45 + j/6 + 108?
109
Suppose 3*x + 5*x = 48. What are the prime factors of ((-141)/9)/(x/(-18))?
47
Suppose -3*j + 172 = -590. Suppose -b + 5*x = -0*x - 34, -j = -5*b - 3*x. What are the prime factors of b?
7
Let x(h) = -h**2 - 2*h + 1. Let i be x(2). Let b = -1 - i. Let t = 10 - b. List the prime factors of t.
2
Suppose -21 = -10*b + 19. Suppose -2*d - s + 303 - 97 = 0, 0 = 2*d - b*s - 186. What are the prime factors of d?
101
List the prime factors of -3*28/(-12) + -28 + 3580.
3559
Let q = 530 + -318. List the prime factors of q.
2, 53
Suppose -4*c = 2*w - 866, -3*w - 24 = -4*c + 837. What are the prime factors of c?
2, 3
Let c(l) = 2*l**2 - 11*l - 50. What are the prime factors of c(11)?
71
Let s = 3 - 1. Suppose -d + 6 - s = 0, -30 = -k - 3*d. List the prime factors of k.
2, 3
Let b(r) = 19*r**2 + 4*r - 3. Let j be b(1). Let u = -1 + -1. Let p = j + u. What are the prime factors of p?
2, 3
Suppose -2*c = 4*c + 18. Let z = c + 8. Suppose 0 = z*g + 13 - 38. List the prime factors of g.
5
Suppose -103*i + 106*i = -z + 2513, 7511 = 3*z + 2*i. List the prime factors of z.
41, 61
Let j(s) = s**3 + 28*s**2 + 17*s + 86. List the prime factors of j(-27).
2, 89
Suppose 3*a - 5*a + 8 = 0. Let c(b) = -b - 2. Let p(s) = -2*s - 18. Let d(j) = -6*c(j) + p(j). List the prime factors of d(a).
2, 5
Let y = -251 - 179. List the prime factors of ((-2)/(-5))/((-4)/y).
43
Suppose -3*t = -4*t + 898. List the prime factors of t.
2, 449
Let o(q) = 3*q - 21. Let i be o(7). Suppose -3*v + 5*p = -162, i = 2*v - v - 2*p - 55. What are the prime factors of v?
7
Let w = -108 - -280. List the prime factors of w.
2, 43
Suppose -13*s = -688 - 3173. Let g = 445 - s. List the prime factors of g.
2, 37
Let i(r) = -r**3 + 3*r**2 + 20*r + 29. List the prime factors of i(-9).
821
Let r(g) = -11*g**3 - 3*g**2 - 3*g - 3. Let i be (-11)/(198/40) + (-4)/(-18). List the prime factors of r(i).
79
What are the prime factors of (-1974)/(-8) - (-7)/28?
13, 19
Let j(s) = -22*s**3 - s**2 - 15*s - 1. List the prime factors of j(-4).
1451
Suppose 0 = -0*h - 4*h. Suppose 46*r - 48*r + 26 = h. List the prime factors of r.
13
Let b = 971 - 84. What are the prime factors of b?
887
Suppose t = 14 + 48. Suppose b = -0*b + t. Let i = -19 + b. What are the prime factors of i?
43
Let g(h) = 31*h**2 + h. Let b be g(1). Suppose 0 = 4*l - 8*l + b. List the prime factors of l.
2
Suppose 8 - 8 = -22*j. Suppose 0 = 3*l - 4*l + 4*h + 11, 3*h - 9 = -5*l. What are the prime factors of (53 - l) + (3 - j)?
53
Suppose -82 + 484 = -3*a. Let v = a + 309. List the prime factors of v.
5, 7
Let k(v) be the third derivative of 0*v + 9*v**2 + 0 - 1/24*v**4 + 1/20*v**5 - 1/3*v**3. List the prime factors of k(2).
2
Suppose 0 = -2*p + 4*p + 14. Let a(d) = -d**3 - 8*d**2 - 8*d + 6. What are the prime factors of a(p)?
13
Suppose 2*n = 5*n + 21. What are the prime factors of 2/7 - 26/n?
2
Let o(d) be the second derivative of -d**3/6 + 9*d**2/2 + 6*d. Let y be o(7). List the prime factors of 23 - (-4 + 5)*y.
3, 7
Let k = 91 + -61. What are the prime factors of 980/k*18/4?
3, 7
Suppose 3 = -3*b - 0*b, 5*b = 3*h - 2207. List the prime factors of h.
2, 367
Let f(w) = w**3 - 6*w**2 - 4*w + 3. Let o be 